{"id":509,"date":"2020-04-09T15:01:23","date_gmt":"2020-04-09T13:01:23","guid":{"rendered":"http:\/\/unsa-paris.fr\/savp\/?page_id=509"},"modified":"2020-04-30T01:31:58","modified_gmt":"2020-04-29T23:31:58","slug":"les-conges","status":"publish","type":"page","link":"https:\/\/unsa-paris.fr\/savp\/les-conges\/","title":{"rendered":"Les cong\u00e9s"},"content":{"rendered":"\t\t<div data-elementor-type=\"wp-page\" data-elementor-id=\"509\" class=\"elementor elementor-509\">\n\t\t\t\t\t\t<section class=\"elementor-section elementor-top-section elementor-element elementor-element-5025193 elementor-section-boxed elementor-section-height-default elementor-section-height-default\" data-id=\"5025193\" data-element_type=\"section\" data-e-type=\"section\">\n\t\t\t\t\t\t<div class=\"elementor-container elementor-column-gap-default\">\n\t\t\t\t\t<div class=\"elementor-column elementor-col-100 elementor-top-column elementor-element elementor-element-361e3c6f\" data-id=\"361e3c6f\" data-element_type=\"column\" data-e-type=\"column\">\n\t\t\t<div class=\"elementor-widget-wrap elementor-element-populated\">\n\t\t\t\t\t\t<div class=\"elementor-element elementor-element-03a6b11 elementor-widget elementor-widget-text-editor\" data-id=\"03a6b11\" data-element_type=\"widget\" data-e-type=\"widget\" data-widget_type=\"text-editor.default\">\n\t\t\t\t<div class=\"elementor-widget-container\">\n\t\t\t\t\t\t\t\t\t<p><span style=\"text-decoration: underline; color: #000000;\">Les cong\u00e9s annuels<\/span><\/p>\n<p><a href=\"https:\/\/www.legifrance.gouv.fr\/affichTexte.do?cidTexte=LEGITEXT000006064760\">D\u00e9cret n\u00b085-1250 du 26 novembre 1985 relatif aux cong\u00e9s annuels des fonctionnaires territoriaux. <span style=\"color: #000000;\">Version consolid\u00e9e au 09 avril 2020<\/span><\/a><span style=\"color: #000000;\">.<\/span><\/p>\t\t\t\t\t\t\t\t<\/div>\n\t\t\t\t<\/div>\n\t\t\t\t<div class=\"elementor-element elementor-element-7dbc621d elementor-widget elementor-widget-text-editor\" data-id=\"7dbc621d\" data-element_type=\"widget\" data-e-type=\"widget\" data-widget_type=\"text-editor.default\">\n\t\t\t\t<div class=\"elementor-widget-container\">\n\t\t\t\t\t\t\t\t\t<p><span style=\"text-decoration: underline;\"><span style=\"color: #000000; text-decoration: underline;\">Les cong\u00e9s bonifi\u00e9s<\/span><\/span><\/p>\n<p><a href=\"https:\/\/www.legifrance.gouv.fr\/affichTexte.do?cidTexte=LEGITEXT000006062863\">D\u00e9cret n\u00b078-399 du 20 mars 1978 relatif, pour les d\u00e9partements d&rsquo;outre-mer, \u00e0 la prise en charge des frais de voyage de cong\u00e9s bonifi\u00e9s accord\u00e9s aux magistrats et fonctionnaires civils de l&rsquo;Etat. <span style=\"color: #000000;\">Version consolid\u00e9e au 09 avril 2020.<\/span><\/a><\/p>\n\t\t\t\t\t\t\t\t<\/div>\n\t\t\t\t<\/div>\n\t\t\t\t<div class=\"elementor-element elementor-element-36776b3 elementor-widget elementor-widget-text-editor\" data-id=\"36776b3\" data-element_type=\"widget\" data-e-type=\"widget\" data-widget_type=\"text-editor.default\">\n\t\t\t\t<div class=\"elementor-widget-container\">\n\t\t\t\t\t\t\t\t\t<p><span style=\"text-decoration: underline; color: #000000;\">Le cong\u00e9 de fin d&rsquo;activit\u00e9<\/span><\/p>\n<p><a href=\"https:\/\/www.legifrance.gouv.fr\/affichTexte.do?cidTexte=LEGITEXT000005622486&amp;dateTexte=20190301\" data-wplink-edit=\"true\">D\u00e9cret n\u00b096-1232 du 27 d\u00e9cembre 1996 relatif au cong\u00e9 de fin d&rsquo;activit\u00e9, pris pour l&rsquo;application du titre II de la loi n\u00b0 96-1093 du 16 d\u00e9cembre 1996 relative \u00e0 l&#8217;emploi dans la fonction publique et \u00e0 diverses mesures d&rsquo;ordre statutaire. <span style=\"color: #000000;\">Version consolid\u00e9e au 01 mars 2019.<\/span><\/a><\/p>\t\t\t\t\t\t\t\t<\/div>\n\t\t\t\t<\/div>\n\t\t\t\t<div class=\"elementor-element elementor-element-9447925 elementor-widget elementor-widget-text-editor\" data-id=\"9447925\" data-element_type=\"widget\" data-e-type=\"widget\" data-widget_type=\"text-editor.default\">\n\t\t\t\t<div class=\"elementor-widget-container\">\n\t\t\t\t\t\t\t\t\t<p><span style=\"text-decoration: underline;\"><span style=\"color: #000000; text-decoration: underline;\">Les cong\u00e9s maladie<\/span><\/span><\/p>\n<p><a href=\"https:\/\/www.legifrance.gouv.fr\/affichTexte.do?cidTexte=JORFTEXT000000521836\">D\u00e9cret n\u00b087-602 du 30 juillet 1987 pris pour l&rsquo;application de la loi n\u00b0 84-53 du 26 janvier 1984 portant dispositions statutaires relatives \u00e0 la fonction publique territoriale et relatif \u00e0 l&rsquo;organisation des comit\u00e9s m\u00e9dicaux, aux conditions d&rsquo;aptitude physique et au r\u00e9gime des cong\u00e9s de maladie des fonctionnaires territoriaux.<\/a> <span style=\"color: #000000;\">Version consolid\u00e9e au 09 avril 2020.<\/span><\/p>\t\t\t\t\t\t\t\t<\/div>\n\t\t\t\t<\/div>\n\t\t\t\t\t<\/div>\n\t\t<\/div>\n\t\t\t\t\t<\/div>\n\t\t<\/section>\n\t\t\t\t<\/div>\n\t\t","protected":false},"excerpt":{"rendered":"<p>Les cong\u00e9s annuels D\u00e9cret n\u00b085-1250 du 26 novembre 1985 relatif aux cong\u00e9s annuels des fonctionnaires territoriaux. Version consolid\u00e9e au 09 avril 2020. Les cong\u00e9s bonifi\u00e9s D\u00e9cret n\u00b078-399 du 20 mars &hellip; <a href=\"https:\/\/unsa-paris.fr\/savp\/les-conges\/\" class=\"more-link\">Continuer la lecture<span class=\"screen-reader-text\"> de &laquo;&nbsp;Les cong\u00e9s&nbsp;&raquo;<\/span><\/a><\/p>\n","protected":false},"author":1,"featured_media":0,"parent":0,"menu_order":0,"comment_status":"closed","ping_status":"closed","template":"","meta":{"footnotes":""},"class_list":["post-509","page","type-page","status-publish","hentry"],"yoast_head":"<!-- This site is optimized with the Yoast SEO plugin v27.4 - https:\/\/yoast.com\/product\/yoast-seo-wordpress\/ -->\n<title>Les cong\u00e9s - Syndicat Autonome UNSA<\/title>\n<meta name=\"robots\" content=\"index, follow, max-snippet:-1, max-image-preview:large, max-video-preview:-1\" \/>\n<link rel=\"canonical\" href=\"https:\/\/unsa-paris.fr\/savp\/les-conges\/\" \/>\n<meta property=\"og:locale\" content=\"fr_FR\" \/>\n<meta property=\"og:type\" content=\"article\" \/>\n<meta property=\"og:title\" content=\"Les cong\u00e9s - Syndicat Autonome UNSA\" \/>\n<meta property=\"og:description\" content=\"Les cong\u00e9s annuels D\u00e9cret n\u00b085-1250 du 26 novembre 1985 relatif aux cong\u00e9s annuels des fonctionnaires territoriaux. Version consolid\u00e9e au 09 avril 2020. Les cong\u00e9s bonifi\u00e9s D\u00e9cret n\u00b078-399 du 20 mars &hellip; Continuer la lecture de &laquo;&nbsp;Les cong\u00e9s&nbsp;&raquo;\" \/>\n<meta property=\"og:url\" content=\"https:\/\/unsa-paris.fr\/savp\/les-conges\/\" \/>\n<meta property=\"og:site_name\" content=\"Syndicat Autonome UNSA\" \/>\n<meta property=\"article:modified_time\" content=\"2020-04-29T23:31:58+00:00\" \/>\n<meta name=\"twitter:card\" content=\"summary_large_image\" \/>\n<meta name=\"twitter:label1\" content=\"Dur\u00e9e de lecture estim\u00e9e\" \/>\n\t<meta name=\"twitter:data1\" content=\"1 minute\" \/>\n<script type=\"application\/ld+json\" class=\"yoast-schema-graph\">{\"@context\":\"https:\\\/\\\/schema.org\",\"@graph\":[{\"@type\":\"WebPage\",\"@id\":\"https:\\\/\\\/unsa-paris.fr\\\/savp\\\/les-conges\\\/\",\"url\":\"https:\\\/\\\/unsa-paris.fr\\\/savp\\\/les-conges\\\/\",\"name\":\"Les cong\u00e9s - Syndicat Autonome UNSA\",\"isPartOf\":{\"@id\":\"https:\\\/\\\/unsa-paris.fr\\\/savp\\\/#website\"},\"datePublished\":\"2020-04-09T13:01:23+00:00\",\"dateModified\":\"2020-04-29T23:31:58+00:00\",\"breadcrumb\":{\"@id\":\"https:\\\/\\\/unsa-paris.fr\\\/savp\\\/les-conges\\\/#breadcrumb\"},\"inLanguage\":\"fr-FR\",\"potentialAction\":[{\"@type\":\"ReadAction\",\"target\":[\"https:\\\/\\\/unsa-paris.fr\\\/savp\\\/les-conges\\\/\"]}]},{\"@type\":\"BreadcrumbList\",\"@id\":\"https:\\\/\\\/unsa-paris.fr\\\/savp\\\/les-conges\\\/#breadcrumb\",\"itemListElement\":[{\"@type\":\"ListItem\",\"position\":1,\"name\":\"Accueil\",\"item\":\"https:\\\/\\\/unsa-paris.fr\\\/savp\\\/\"},{\"@type\":\"ListItem\",\"position\":2,\"name\":\"Les cong\u00e9s\"}]},{\"@type\":\"WebSite\",\"@id\":\"https:\\\/\\\/unsa-paris.fr\\\/savp\\\/#website\",\"url\":\"https:\\\/\\\/unsa-paris.fr\\\/savp\\\/\",\"name\":\"Syndicat Autonome UNSA\",\"description\":\"Section des secr\u00e9taires administratifs et des techniciens sup\u00e9rieurs\",\"publisher\":{\"@id\":\"https:\\\/\\\/unsa-paris.fr\\\/savp\\\/#organization\"},\"potentialAction\":[{\"@type\":\"SearchAction\",\"target\":{\"@type\":\"EntryPoint\",\"urlTemplate\":\"https:\\\/\\\/unsa-paris.fr\\\/savp\\\/?s={search_term_string}\"},\"query-input\":{\"@type\":\"PropertyValueSpecification\",\"valueRequired\":true,\"valueName\":\"search_term_string\"}}],\"inLanguage\":\"fr-FR\"},{\"@type\":\"Organization\",\"@id\":\"https:\\\/\\\/unsa-paris.fr\\\/savp\\\/#organization\",\"name\":\"UNSA PARIS fili\u00e8re administrative\",\"url\":\"https:\\\/\\\/unsa-paris.fr\\\/savp\\\/\",\"logo\":{\"@type\":\"ImageObject\",\"inLanguage\":\"fr-FR\",\"@id\":\"https:\\\/\\\/unsa-paris.fr\\\/savp\\\/#\\\/schema\\\/logo\\\/image\\\/\",\"url\":\"https:\\\/\\\/unsa-paris.fr\\\/savp\\\/wp-content\\\/uploads\\\/2020\\\/10\\\/Logo_UNSA-V6.png\",\"contentUrl\":\"https:\\\/\\\/unsa-paris.fr\\\/savp\\\/wp-content\\\/uploads\\\/2020\\\/10\\\/Logo_UNSA-V6.png\",\"width\":986,\"height\":962,\"caption\":\"UNSA PARIS fili\u00e8re administrative\"},\"image\":{\"@id\":\"https:\\\/\\\/unsa-paris.fr\\\/savp\\\/#\\\/schema\\\/logo\\\/image\\\/\"}}]}<\/script>\n<!-- \/ Yoast SEO plugin. -->","yoast_head_json":{"title":"Les cong\u00e9s - Syndicat Autonome UNSA","robots":{"index":"index","follow":"follow","max-snippet":"max-snippet:-1","max-image-preview":"max-image-preview:large","max-video-preview":"max-video-preview:-1"},"canonical":"https:\/\/unsa-paris.fr\/savp\/les-conges\/","og_locale":"fr_FR","og_type":"article","og_title":"Les cong\u00e9s - Syndicat Autonome UNSA","og_description":"Les cong\u00e9s annuels D\u00e9cret n\u00b085-1250 du 26 novembre 1985 relatif aux cong\u00e9s annuels des fonctionnaires territoriaux. Version consolid\u00e9e au 09 avril 2020. Les cong\u00e9s bonifi\u00e9s D\u00e9cret n\u00b078-399 du 20 mars &hellip; Continuer la lecture de &laquo;&nbsp;Les cong\u00e9s&nbsp;&raquo;","og_url":"https:\/\/unsa-paris.fr\/savp\/les-conges\/","og_site_name":"Syndicat Autonome UNSA","article_modified_time":"2020-04-29T23:31:58+00:00","twitter_card":"summary_large_image","twitter_misc":{"Dur\u00e9e de lecture estim\u00e9e":"1 minute"},"schema":{"@context":"https:\/\/schema.org","@graph":[{"@type":"WebPage","@id":"https:\/\/unsa-paris.fr\/savp\/les-conges\/","url":"https:\/\/unsa-paris.fr\/savp\/les-conges\/","name":"Les cong\u00e9s - Syndicat Autonome UNSA","isPartOf":{"@id":"https:\/\/unsa-paris.fr\/savp\/#website"},"datePublished":"2020-04-09T13:01:23+00:00","dateModified":"2020-04-29T23:31:58+00:00","breadcrumb":{"@id":"https:\/\/unsa-paris.fr\/savp\/les-conges\/#breadcrumb"},"inLanguage":"fr-FR","potentialAction":[{"@type":"ReadAction","target":["https:\/\/unsa-paris.fr\/savp\/les-conges\/"]}]},{"@type":"BreadcrumbList","@id":"https:\/\/unsa-paris.fr\/savp\/les-conges\/#breadcrumb","itemListElement":[{"@type":"ListItem","position":1,"name":"Accueil","item":"https:\/\/unsa-paris.fr\/savp\/"},{"@type":"ListItem","position":2,"name":"Les cong\u00e9s"}]},{"@type":"WebSite","@id":"https:\/\/unsa-paris.fr\/savp\/#website","url":"https:\/\/unsa-paris.fr\/savp\/","name":"Syndicat Autonome UNSA","description":"Section des secr\u00e9taires administratifs et des techniciens sup\u00e9rieurs","publisher":{"@id":"https:\/\/unsa-paris.fr\/savp\/#organization"},"potentialAction":[{"@type":"SearchAction","target":{"@type":"EntryPoint","urlTemplate":"https:\/\/unsa-paris.fr\/savp\/?s={search_term_string}"},"query-input":{"@type":"PropertyValueSpecification","valueRequired":true,"valueName":"search_term_string"}}],"inLanguage":"fr-FR"},{"@type":"Organization","@id":"https:\/\/unsa-paris.fr\/savp\/#organization","name":"UNSA PARIS fili\u00e8re administrative","url":"https:\/\/unsa-paris.fr\/savp\/","logo":{"@type":"ImageObject","inLanguage":"fr-FR","@id":"https:\/\/unsa-paris.fr\/savp\/#\/schema\/logo\/image\/","url":"https:\/\/unsa-paris.fr\/savp\/wp-content\/uploads\/2020\/10\/Logo_UNSA-V6.png","contentUrl":"https:\/\/unsa-paris.fr\/savp\/wp-content\/uploads\/2020\/10\/Logo_UNSA-V6.png","width":986,"height":962,"caption":"UNSA PARIS fili\u00e8re administrative"},"image":{"@id":"https:\/\/unsa-paris.fr\/savp\/#\/schema\/logo\/image\/"}}]}},"_links":{"self":[{"href":"https:\/\/unsa-paris.fr\/savp\/wp-json\/wp\/v2\/pages\/509","targetHints":{"allow":["GET"]}}],"collection":[{"href":"https:\/\/unsa-paris.fr\/savp\/wp-json\/wp\/v2\/pages"}],"about":[{"href":"https:\/\/unsa-paris.fr\/savp\/wp-json\/wp\/v2\/types\/page"}],"author":[{"embeddable":true,"href":"https:\/\/unsa-paris.fr\/savp\/wp-json\/wp\/v2\/users\/1"}],"replies":[{"embeddable":true,"href":"https:\/\/unsa-paris.fr\/savp\/wp-json\/wp\/v2\/comments?post=509"}],"version-history":[{"count":14,"href":"https:\/\/unsa-paris.fr\/savp\/wp-json\/wp\/v2\/pages\/509\/revisions"}],"predecessor-version":[{"id":678,"href":"https:\/\/unsa-paris.fr\/savp\/wp-json\/wp\/v2\/pages\/509\/revisions\/678"}],"wp:attachment":[{"href":"https:\/\/unsa-paris.fr\/savp\/wp-json\/wp\/v2\/media?parent=509"}],"curies":[{"name":"wp","href":"https:\/\/api.w.org\/{rel}","templated":true}]}}

Les congés

<div data-elementor-type="wp-page" data-elementor-id="509" class="elementor elementor-509">
						<section class="elementor-section elementor-top-section elementor-element elementor-element-5025193 elementor-section-boxed elementor-section-height-default elementor-section-height-default" data-id="5025193" data-element_type="section" data-e-type="section">
						<div class="elementor-container elementor-column-gap-default">
					<div class="elementor-column elementor-col-100 elementor-top-column elementor-element elementor-element-361e3c6f" data-id="361e3c6f" data-element_type="column" data-e-type="column">
			<div class="elementor-widget-wrap elementor-element-populated">
						<div class="elementor-element elementor-element-03a6b11 elementor-widget elementor-widget-text-editor" data-id="03a6b11" data-element_type="widget" data-e-type="widget" data-widget_type="text-editor.default">
				<div class="elementor-widget-container">
									<p><span style="text-decoration: underline; color: #000000;">Les congés annuels</span></p>
<p><a href="https://www.legifrance.gouv.fr/affichTexte.do?cidTexte=LEGITEXT000006064760">Décret n°85-1250 du 26 novembre 1985 relatif aux congés annuels des fonctionnaires territoriaux. <span style="color: #000000;">Version consolidée au 09 avril 2020</span></a><span style="color: #000000;">.</span></p>								</div>
				</div>
				<div class="elementor-element elementor-element-7dbc621d elementor-widget elementor-widget-text-editor" data-id="7dbc621d" data-element_type="widget" data-e-type="widget" data-widget_type="text-editor.default">
				<div class="elementor-widget-container">
									<p><span style="text-decoration: underline;"><span style="color: #000000; text-decoration: underline;">Les congés bonifiés</span></span></p>
<p><a href="https://www.legifrance.gouv.fr/affichTexte.do?cidTexte=LEGITEXT000006062863">Décret n°78-399 du 20 mars 1978 relatif, pour les départements d&rsquo;outre-mer, à la prise en charge des frais de voyage de congés bonifiés accordés aux magistrats et fonctionnaires civils de l&rsquo;Etat. <span style="color: #000000;">Version consolidée au 09 avril 2020.</span></a></p>
								</div>
				</div>
				<div class="elementor-element elementor-element-36776b3 elementor-widget elementor-widget-text-editor" data-id="36776b3" data-element_type="widget" data-e-type="widget" data-widget_type="text-editor.default">
				<div class="elementor-widget-container">
									<p><span style="text-decoration: underline; color: #000000;">Le congé de fin d&rsquo;activité</span></p>
<p><a href="https://www.legifrance.gouv.fr/affichTexte.do?cidTexte=LEGITEXT000005622486&amp;dateTexte=20190301" data-wplink-edit="true">Décret n°96-1232 du 27 décembre 1996 relatif au congé de fin d&rsquo;activité, pris pour l&rsquo;application du titre II de la loi n° 96-1093 du 16 décembre 1996 relative à l&#8217;emploi dans la fonction publique et à diverses mesures d&rsquo;ordre statutaire. <span style="color: #000000;">Version consolidée au 01 mars 2019.</span></a></p>								</div>
				</div>
				<div class="elementor-element elementor-element-9447925 elementor-widget elementor-widget-text-editor" data-id="9447925" data-element_type="widget" data-e-type="widget" data-widget_type="text-editor.default">
				<div class="elementor-widget-container">
									<p><span style="text-decoration: underline;"><span style="color: #000000; text-decoration: underline;">Les congés maladie</span></span></p>
<p><a href="https://www.legifrance.gouv.fr/affichTexte.do?cidTexte=JORFTEXT000000521836">Décret n°87-602 du 30 juillet 1987 pris pour l&rsquo;application de la loi n° 84-53 du 26 janvier 1984 portant dispositions statutaires relatives à la fonction publique territoriale et relatif à l&rsquo;organisation des comités médicaux, aux conditions d&rsquo;aptitude physique et au régime des congés de maladie des fonctionnaires territoriaux.</a> <span style="color: #000000;">Version consolidée au 09 avril 2020.</span></p>								</div>
				</div>
					</div>
		</div>
					</div>
		</section>
				</div>

<p>Les congés annuels Décret n°85-1250 du 26 novembre 1985 relatif aux congés annuels des fonctionnaires territoriaux. Version consolidée au 09 avril 2020. Les congés bonifiés Décret n°78-399 du 20 mars &hellip; <a href="https://unsa-paris.fr/savp/les-conges/" class="more-link">Continuer la lecture<span class="screen-reader-text"> de &laquo;&nbsp;Les congés&nbsp;&raquo;</span></a></p>

<!-- This site is optimized with the Yoast SEO plugin v27.4 - https://yoast.com/product/yoast-seo-wordpress/ -->
<title>Les congés - Syndicat Autonome UNSA</title>
<meta name="robots" content="index, follow, max-snippet:-1, max-image-preview:large, max-video-preview:-1" />
<link rel="canonical" href="https://unsa-paris.fr/savp/les-conges/" />
<meta property="og:locale" content="fr_FR" />
<meta property="og:type" content="article" />
<meta property="og:title" content="Les congés - Syndicat Autonome UNSA" />
<meta property="og:description" content="Les congés annuels Décret n°85-1250 du 26 novembre 1985 relatif aux congés annuels des fonctionnaires territoriaux. Version consolidée au 09 avril 2020. Les congés bonifiés Décret n°78-399 du 20 mars &hellip; Continuer la lecture de &laquo;&nbsp;Les congés&nbsp;&raquo;" />
<meta property="og:url" content="https://unsa-paris.fr/savp/les-conges/" />
<meta property="og:site_name" content="Syndicat Autonome UNSA" />
<meta property="article:modified_time" content="2020-04-29T23:31:58+00:00" />
<meta name="twitter:card" content="summary_large_image" />
<meta name="twitter:label1" content="Durée de lecture estimée" />
	<meta name="twitter:data1" content="1 minute" />
<script type="application/ld+json" class="yoast-schema-graph">{"@context":"https:\/\/schema.org","@graph":[{"@type":"WebPage","@id":"https:\/\/unsa-paris.fr\/savp\/les-conges\/","url":"https:\/\/unsa-paris.fr\/savp\/les-conges\/","name":"Les congés - Syndicat Autonome UNSA","isPartOf":{"@id":"https:\/\/unsa-paris.fr\/savp\/#website"},"datePublished":"2020-04-09T13:01:23+00:00","dateModified":"2020-04-29T23:31:58+00:00","breadcrumb":{"@id":"https:\/\/unsa-paris.fr\/savp\/les-conges\/#breadcrumb"},"inLanguage":"fr-FR","potentialAction":[{"@type":"ReadAction","target":["https:\/\/unsa-paris.fr\/savp\/les-conges\/"]}]},{"@type":"BreadcrumbList","@id":"https:\/\/unsa-paris.fr\/savp\/les-conges\/#breadcrumb","itemListElement":[{"@type":"ListItem","position":1,"name":"Accueil","item":"https:\/\/unsa-paris.fr\/savp\/"},{"@type":"ListItem","position":2,"name":"Les congés"}]},{"@type":"WebSite","@id":"https:\/\/unsa-paris.fr\/savp\/#website","url":"https:\/\/unsa-paris.fr\/savp\/","name":"Syndicat Autonome UNSA","description":"Section des secrétaires administratifs et des techniciens supérieurs","publisher":{"@id":"https:\/\/unsa-paris.fr\/savp\/#organization"},"potentialAction":[{"@type":"SearchAction","target":{"@type":"EntryPoint","urlTemplate":"https:\/\/unsa-paris.fr\/savp\/?s={search_term_string}"},"query-input":{"@type":"PropertyValueSpecification","valueRequired":true,"valueName":"search_term_string"}}],"inLanguage":"fr-FR"},{"@type":"Organization","@id":"https:\/\/unsa-paris.fr\/savp\/#organization","name":"UNSA PARIS filière administrative","url":"https:\/\/unsa-paris.fr\/savp\/","logo":{"@type":"ImageObject","inLanguage":"fr-FR","@id":"https:\/\/unsa-paris.fr\/savp\/#\/schema\/logo\/image\/","url":"https:\/\/unsa-paris.fr\/savp\/wp-content\/uploads\/2020\/10\/Logo_UNSA-V6.png","contentUrl":"https:\/\/unsa-paris.fr\/savp\/wp-content\/uploads\/2020\/10\/Logo_UNSA-V6.png","width":986,"height":962,"caption":"UNSA PARIS filière administrative"},"image":{"@id":"https:\/\/unsa-paris.fr\/savp\/#\/schema\/logo\/image\/"}}]}</script>
<!-- / Yoast SEO plugin. -->

Les congés - Syndicat Autonome UNSA

Les congés annuels Décret n°85-1250 du 26 novembre 1985 relatif aux congés annuels des fonctionnaires territoriaux. Version consolidée au 09 avril 2020. Les congés bonifiés Décret n°78-399 du 20 mars &hellip; Continuer la lecture de &laquo;&nbsp;Les congés&nbsp;&raquo;

Section des secrétaires administratifs et des techniciens supérieurs

UNSA PARIS filière administrative
